) = m**3 - 12*m**2 - 8*m - 10. Let l(i) = 11*i + 2. Let r be l(1). Let w be f(r). Suppose -4*s + 37 = -w. Is s prime?
True
Is (-1150138)/(-1058) + (-42)/(-46) + -1 a prime number?
True
Suppose -2*u = -56 - 0. Let w(y) = 2 - u*y + 0 + 2 - 5. Is w(-6) prime?
True
Let m = 3429 + -1380. Is m a prime number?
False
Is 168585/(-10)*8/(-12) a composite number?
False
Suppose 5*f + 4 = 6*f. Let w(s) = -654*s. Let r be w(-2). Suppose 0 = -a - k + 452, -3*a + f*k = -r - 27. Is a a prime number?
True
Suppose 0 = 16*h - 17*h + 5. Suppose -5*g + 14680 = -h*j, 11735 = 4*g - j - 0*j. Is g a composite number?
True
Let i be 1216/(-3)*(-4)/(4/3). Suppose -c + p = -1639, 0 = 2*c - p + i - 4492. Is c prime?
True
Suppose -5 = -7*u + 2*u. Is ((-2148)/(-48))/(u/4) composite?
False
Suppose 100*i + 3353 = 107*i. Is i a composite number?
False
Let h be -6 + 10 - (-1 + 1). Suppose -v + h*v = 9057. Is v composite?
False
Let w = 2666 - 3876. Let c = w + 2049. Is c a prime number?
True
Let y(c) = -c**3 + 6*c**2 + c - 2. Let f be y(6). Suppose 4*x = -f*a + 664, 4*x - 3*a = 5*x - 164. Is x a prime number?
True
Let p = 1840 - -387. Is p composite?
True
Let v be 5 + -5 + (10 - 2). Let m be 1017/((4 + -3)/1). Suppose -v*b = -5*b - m. Is b a prime number?
False
Let z(m) = 56*m**2 + 4*m + 2. Let f be z(-1). Let p = 25 + f. Is p a composite number?
False
Suppose 2*a - 3*t = -2*a + 36, -2*a + 18 = -t. Suppose 5*l - 3 - a = k, -5*k = -4*l + 18. Is ((-6)/l)/((-18)/1254) prime?
False
Suppose 1311 = 5*r - 2*s, -5*s + 4*s = 3*r - 780. Is -1*(-3 - -5) - (2 - r) composite?
False
Let c = 1 - 7. Let v be (722 - (4 + c)) + 3. Let u = -258 + v. Is u composite?
True
Let y(v) = 5*v - 4. Let w be y(3). Let o be (-11)/(-2) + -3 + (-14)/(-4). Suppose -575 = -w*u + o*u. Is u composite?
True
Let a be 3914 - 6*(-4)/6. Suppose -13238 = -3*y + 5*f, a = y + 5*f - 528. Is y a prime number?
True
Let t = 511 - -118. Is (t - -2)*(-1 + 2) a prime number?
True
Let h = 21679 - 4496. Is h a composite number?
False
Let f be 10/(-35) - 258/(-21). Let d = -18 + f. Is (3261/d)/((-3)/6) a prime number?
True
Let u = 3380 + -591. Is u a prime number?
True
Let t(o) = 8*o**2 - 5*o + 4. Let f(x) = -8*x**2 + 4*x - 4. Let y(d) = 2*f(d) + 3*t(d). Suppose -4*n + 5 - 22 = -3*z, 2*z = -n + 15. Is y(z) composite?
False
Let m(y) = y**3 - 5*y**2 - 5*y - 13. Let b be m(6). Is 3 + b/(35/(-11940)) prime?
False
Let t(q) be the first derivative of -69*q**4 - q**3/3 + q - 1. Let v be t(1). Let o = v + 487. Is o a prime number?
True
Is (-1163981)/(-26)*2/7 a prime number?
True
Suppose 2*l - 226 = -0*l. Let k = 56 + l. Let n = k + -38. Is n a composite number?
False
Suppose -3*m - 62 = -269. Let k be m/6*(-4)/2. Let g = k + 90. Is g composite?
False
Let y(r) = 5*r + 25. Let x be y(-8). Let j be 3 - (x/(-5) + -3). Suppose -j*n + 629 = -286. Is n composite?
True
Let j(w) = -w**2 - 20*w - 16. Let c be j(-18). Let o = -12 + c. Is 4/3*1164/o composite?
True
Suppose -3*t - 4 = 4*w, t = -2*t + 12. Is (w - (4 + -4))*-1 + 2725 a composite number?
False
Is 613347/39 + (-2)/(-13) composite?
False
Let t(f) = f**3 + 4*f - 7. Let w(s) = s**3 + s**2 + 4*s - 8. Let r(l) = 7*t(l) - 6*w(l). Suppose 2*h - 18 = -h. Is r(h) a prime number?
True
Let p = -7 - -14. Suppose 3435 = -6*a + p*a. Suppose -5*k + 4*i = -a, 4*k - k + 4*i = 2029. Is k a composite number?
False
Let z be (-4)/(-20) - 168/(-10). Suppose 19*o - 762 = z*o. Is o a composite number?
True
Let w be (1/2)/((-6)/48). Is (-12)/w + -2 - -376 composite?
True
Let z = -41 - -21. Let s = 25 + z. Suppose -s*w + 1204 = -w. Is w prime?
False
Suppose 4*g = 8*g - 2532. Suppose 5*x - g = 2*x - 5*a, x - 211 = -a. Is x a composite number?
False
Suppose 4*l - 10371 - 11009 = 4*t, 0 = -l + 5*t + 5345. Is l composite?
True
Let b = -63 - -325. Let f = b - 51. Is f prime?
True
Let u = -4982 - -12243. Is u a composite number?
True
Suppose -3 = 16*z - 19*z. Suppose -2*w - 4*a + 5778 = 0, 2 - z = a. Is w prime?
True
Suppose 0 = 27*q - 42*q + 105. Let k = 18 - 7. Is 698 + -1 + (k - q) prime?
True
Let d(n) = 232*n - 251. Is d(4) prime?
True
Let r(y) = 59581*y**2 - y - 1. Is r(-1) a prime number?
True
Suppose -12*n + 7*n = 110. Let r(b) = 5*b**3 + b**2 - b - 4. Let l be r(3). Let o = l - n. Is o a prime number?
False
Let u be (1 + -1)*3/(-6). Suppose u = -0*g + g + 2. Is g/(-4) + (-82)/(-4) a prime number?
False
Is (-6*79)/((-2)/11) - -2 composite?
False
Let o = -1474 + 4334. Let g be -2 - (-2 - -6)*-1. Suppose k - 5*b = 948, 3*k - g*b = -3*b + o. Is k a composite number?
False
Suppose -u + 10*u - 1611 = 0. Is u prime?
True
Suppose 3*u + 105 = -3*r, 2*r = -4*u + 32 - 98. Let j = 195 + r. Is j a prime number?
False
Let l = -69 + 71. Suppose -l*c + 802 = 220. Is c prime?
False
Suppose 0 = z + 4*n - 6487, -7 = n - 6. Is z composite?
False
Let h be 191 - (4 + (1 - 3)). Let m = 1526 - h. Is m prime?
False
Let z(f) = 35*f**3 + f**2 - 2*f - 2. Suppose -34*s = -30*s - 16. Is z(s) composite?
True
Is (1397/(-33))/(4/(-12)) a composite number?
False
Let c = -55 + 41. Is (c + -3)*(-18 - -5) a composite number?
True
Let f = 18132 - 12383. Is f prime?
True
Let l = 93736 - 49335. Is l a composite number?
True
Suppose -13*i + 20*i = 2849. Is i composite?
True
Suppose -4 = -2*o + 2. Let q(t) = -t**2 - t - 1. Let z be q(o). Let f = 218 + z. Is f prime?
False
Suppose 6*v = 10*v - 30236. Is v prime?
True
Let c be (-3)/(3/2) - -180. Let f = c + -123. Is 4 - 2 - (4 - f) composite?
False
Let o(l) = -39*l - 2. Suppose 4*h + 5*c = 57, -5*h - c = -5*c - 20. Let q = -9 + h. Is o(q) a prime number?
True
Suppose 111*w - 100*w - 75955 = 0. Is w a composite number?
True
Suppose b - 2872 = -b + 5*t, -t - 2880 = -2*b. Let o = 2734 - b. Suppose -o = -0*k - 3*k. Is k composite?
False
Let k(m) = -5*m - 75. Let o be k(-15). Suppose u + 1268 - 6487 = o. Is u prime?
False
Let c(v) = -v + 6. Let t be c(4). Suppose y - t*m = -10, m - 2*m = y - 5. Suppose -2*s - z = -y*s - 19, -2*z + 16 = 2*s. Is s a composite number?
False
Let m(a) = -303*a**3 + 5*a**2 - 7. Is m(-3) a composite number?
False
Let i = 304 + -184. Let x = i - 229. Let w = x - -536. Is w composite?
True
Is ((-9)/(-15))/((-62741)/(-15685) + -4) composite?
True
Let y(d) = 2*d - 3. Let f be y(7). Suppose 5*t = 2*j - 11, -3*j - j = -t - 13. Suppose 2*k = -5*s + 60 + f, j*k + 66 = 4*s. Is s prime?
False
Let x(y) = y**2 + 19*y + 23. Let j be (-1)/(((-4)/18)/(140/(-30))). Is x(j) a prime number?
False
Suppose 7073 = 3*j - 1837. Suppose -j = -2*h + 148. Is h a prime number?
True
Suppose -6*o = -94*o + 135256. Is o composite?
True
Let s be (1 - 5)/(6/(-21)). Suppose -58 = -4*u - s. Is u prime?
True
Suppose -5*d - 8030 = -2*x, x - 4017 = -4*d + 7*d. Let g = x - 1264. Is g composite?
False
Suppose -2*v - 40312 = -4*c, -2*c - 7*v + 20148 = -12*v. Is c a prime number?
True
Suppose -91*c + 10612 = -87*c. Is c composite?
True
Suppose c = -j + 8482, 4*c = j + 2*c - 8485. Is j a composite number?
True
Let j(w) = 2*w**3 - 9*w**2 + 2*w + 8. Let a be j(4). Is 4 + (442 - a) - 0 prime?
False
Let n be 2022 + 4 + -8 + 8. Suppose 4*q - 5510 = -n. Is q composite?
True
Is (7 + -4)/(-6)*-11558 a composite number?
False
Let i(r) = -4*r**3 + 3*r**2 + 2*r + 18. Is i(-11) composite?
False
Suppose 0 = 3*u + 4*w - 197, 3*u - 42 - 151 = -2*w. Is 4497/2*6*7/u a prime number?
True
Is 2*((-4 - -174) + 12/(-8)) a composite number?
False
Suppose -7*b - 6*b = -119249. Is b prime?
True
Suppose 0 = -w + 59 + 30. Suppose 3*g + 238 = 1087. Suppose -g = -2*q - w. Is q prime?
True
Let w be 1/(-3)*(-3 - 0). Is (1117 + -3 + 3)*w composite?
False
Suppose -4*c - c = 5*b - 28840, -2*b - 5*c + 11533 = 0. Let y = -4112 + b. Is y a prime number?
True
Suppose 0 = j - o - 3*o - 9, 0 = -5*j + o + 45. Suppose 0 = -7*z + j*z - 8. Suppose z*l = -l + 1945. Is l prime?
True
Suppose 4*o - 7*o = -6. Suppose 4*u = -o*v + 86, 3*v = -4*u - 0*u + 83. Is u*5*38/95 a prime number?
False
Let w(l) = -10*l - 13. Let f(i) = -29*i - 38. Let t(g) = 6*f(g) - 17*w(g). Let q = 4 - 11. Is t(q) a composite number?
True
Let p(l) = 5*l**2 + 38*l + 41. Let h(g) = -2*g**2 - 13*g - 14. Let d(b) = -11*h(b) - 4*p(b). Is d(-9) prime?
True
Suppose -z - 3 = -g, z + 4*z + 5 = 0. Let a(p) = -2*p + 4. Let s be a(g). Suppose 0 = y - s*y - 37. Is y prime?
True
Is (-12508)/(-5) - 57/95 a comp